{"id":936,"date":"2024-11-07T10:16:15","date_gmt":"2024-11-07T13:16:15","guid":{"rendered":"https:\/\/g4sistemas.com.br\/?page_id=936"},"modified":"2024-11-07T10:22:36","modified_gmt":"2024-11-07T13:22:36","slug":"certificado-digital-2","status":"publish","type":"page","link":"https:\/\/g4sistemas.com.br\/index.php\/certificado-digital-2\/","title":{"rendered":"Certificado Digital"},"content":{"rendered":"\n<p class=\"has-text-align-center has-large-font-size\"><strong>Certificados Digitais agora em S\u00e3o Miguel Arcanjo!<\/strong><\/p>\n\n\n\n<p class=\"has-text-align-center\">A G4 Sistemas tem o prazer de anunciar uma grande novidade para a cidade de S\u00e3o Miguel Arcanjo e regi\u00e3o: agora oferecemos Certificados Digitais! Com a mesma qualidade e compromisso que voc\u00ea j\u00e1 conhece, expandimos nossos servi\u00e7os para facilitar ainda mais o dia a dia das empresas, profissionais e cidad\u00e3os e PRODUTORES RURAIS.<\/p>\n\n\n\n<p class=\"has-text-align-center\">Com os nossos certificados digitais, voc\u00ea garante seguran\u00e7a e praticidade para realizar transa\u00e7\u00f5es online, assinar documentos eletronicamente, e acessar sistemas e servi\u00e7os p\u00fablicos de forma \u00e1gil e confi\u00e1vel. Seja para Pessoa F\u00edsica (e-CPF) ou Jur\u00eddica (e-CNPJ), temos as solu\u00e7\u00f5es ideais para voc\u00ea.<\/p>\n\n\n\n<p class=\"has-text-align-center\">Entre em contato e saiba mais sobre como os certificados digitais da G4 Sistemas podem simplificar suas opera\u00e7\u00f5es e proteger seus dados. \u00c9 mais seguran\u00e7a, mais praticidade e muito mais inova\u00e7\u00e3o para S\u00e3o Miguel Arcanjo!<\/p>\n\n\n\n<p class=\"has-text-align-center\">Clique no link abaixo para que voc\u00ea possa dar andamento ao seu certificado<\/p>\n\n\n<div class=\"wp-block-image\">\n<figure class=\"aligncenter size-full is-resized\"><a href=\"https:\/\/certcontrol.com.br\/web\/venda-rapida\/vd0tp10019tk8070e46dab\"><img loading=\"lazy\" decoding=\"async\" width=\"216\" height=\"44\" src=\"https:\/\/g4sistemas.com.br\/wp-content\/uploads\/2024\/11\/Cetrificadodigital.png\" alt=\"\" class=\"wp-image-940\" style=\"width:280px;height:auto\"\/><\/a><\/figure>\n<\/div>\n\n\n<p><\/p>\n\n\n\n<p><\/p>\n","protected":false},"excerpt":{"rendered":"<p>Certificados Digitais agora em S\u00e3o Miguel Arcanjo! A G4 Sistemas tem o prazer de anunciar uma grande novidade para a cidade de S\u00e3o Miguel Arcanjo e regi\u00e3o: agora oferecemos Certificados Digitais! Com a mesma qualidade e compromisso que voc\u00ea j\u00e1 conhece, expandimos nossos servi\u00e7os para facilitar ainda mais o dia a dia das empresas, profissionais [&hellip;]<\/p>\n","protected":false},"author":1,"featured_media":0,"parent":0,"menu_order":0,"comment_status":"closed","ping_status":"closed","template":"","meta":{"om_disable_all_campaigns":false,"_monsterinsights_skip_tracking":false,"_monsterinsights_sitenote_active":false,"_monsterinsights_sitenote_note":"","_monsterinsights_sitenote_category":0,"footnotes":""},"class_list":["post-936","page","type-page","status-publish","hentry"],"aioseo_notices":[],"_links":{"self":[{"href":"https:\/\/g4sistemas.com.br\/index.php\/wp-json\/wp\/v2\/pages\/936","targetHints":{"allow":["GET"]}}],"collection":[{"href":"https:\/\/g4sistemas.com.br\/index.php\/wp-json\/wp\/v2\/pages"}],"about":[{"href":"https:\/\/g4sistemas.com.br\/index.php\/wp-json\/wp\/v2\/types\/page"}],"author":[{"embeddable":true,"href":"https:\/\/g4sistemas.com.br\/index.php\/wp-json\/wp\/v2\/users\/1"}],"replies":[{"embeddable":true,"href":"https:\/\/g4sistemas.com.br\/index.php\/wp-json\/wp\/v2\/comments?post=936"}],"version-history":[{"count":6,"href":"https:\/\/g4sistemas.com.br\/index.php\/wp-json\/wp\/v2\/pages\/936\/revisions"}],"predecessor-version":[{"id":946,"href":"https:\/\/g4sistemas.com.br\/index.php\/wp-json\/wp\/v2\/pages\/936\/revisions\/946"}],"wp:attachment":[{"href":"https:\/\/g4sistemas.com.br\/index.php\/wp-json\/wp\/v2\/media?parent=936"}],"curies":[{"name":"wp","href":"https:\/\/api.w.org\/{rel}","templated":true}]}}