{"id":6,"date":"2023-09-30T11:35:29","date_gmt":"2023-09-30T14:35:29","guid":{"rendered":"https:\/\/g4sistemas.com.br\/?page_id=6"},"modified":"2024-11-11T18:53:29","modified_gmt":"2024-11-11T21:53:29","slug":"sobre","status":"publish","type":"page","link":"https:\/\/g4sistemas.com.br\/","title":{"rendered":"Sobre a G4 Sistemas"},"content":{"rendered":"\n<p class=\"has-text-align-center\">A <strong>G4 Sistemas<\/strong> \u00e9 uma empresa localizada na cidade de S\u00e3o Miguel Arcanjo, interior do estado de S\u00e3o Paulo, que se dedica a oferecer servi\u00e7os especializados voltados para pequenos e m\u00e9dios com\u00e9rcios de varejo, Bares, Restaurantes, Fast-foods e Sistemas de delivery. Seu foco principal est\u00e1 na \u00e1rea de tecnologia da informa\u00e7\u00e3o, com servi\u00e7os que abrangem suporte t\u00e9cnico, instala\u00e7\u00e3o, migra\u00e7\u00e3o de dados e desenvolvimento de sistemas espec\u00edficos para atender \u00e0s necessidades desses tipos de neg\u00f3cios. A G4 Sistemas preza pelo atendimento e suporte de qualidade, seja presencialmente, atendendo \u00e0s demandas locais, ou remotamente, garantindo que seus clientes tenham acesso r\u00e1pido e eficaz \u00e0 assist\u00eancia t\u00e9cnica quando necess\u00e1rio.<\/p>\n\n\n\n<p class=\"has-text-align-center\">Um dos principais nichos de mercado da G4 Sistemas envolve sistemas de emiss\u00e3o de notas fiscais, NF-e, CT-e, cupons fiscais NFC-e e SAT, que s\u00e3o essenciais para a opera\u00e7\u00e3o legal e eficiente de neg\u00f3cios no Brasil. A empresa se foca em fornecer solu\u00e7\u00f5es tecnol\u00f3gicas que atendem a essas exig\u00eancias fiscais espec\u00edficas. Os valores da G4 Sistemas s\u00e3o centrados na honestidade, compromisso e simplicidade. Isso significa que a empresa busca estabelecer relacionamentos transparentes e \u00e9ticos com seus clientes,<br>comprometendo-se a oferecer solu\u00e7\u00f5es de forma respons\u00e1vel e mantendo uma abordagem simplificada em seus servi\u00e7os, de modo a tornar a tecnologia mais acess\u00edvel e compreens\u00edvel para seus clientes.<\/p>\n\n\n\n<p class=\"has-text-align-center has-x-large-font-size\"><strong><a href=\"https:\/\/g4sistemas.com.br\/index.php\/sistema-g4\/\" title=\"\">Conhe\u00e7a nosso sistema !!<\/a><\/strong><\/p>\n","protected":false},"excerpt":{"rendered":"<p>A G4 Sistemas \u00e9 uma empresa localizada na cidade de S\u00e3o Miguel Arcanjo, interior do estado de S\u00e3o Paulo, que se dedica a oferecer servi\u00e7os especializados voltados para pequenos e m\u00e9dios com\u00e9rcios de varejo, Bares, Restaurantes, Fast-foods e Sistemas de delivery. Seu foco principal est\u00e1 na \u00e1rea de tecnologia da informa\u00e7\u00e3o, com servi\u00e7os que abrangem [&hellip;]<\/p>\n","protected":false},"author":1,"featured_media":0,"parent":0,"menu_order":0,"comment_status":"closed","ping_status":"closed","template":"","meta":{"om_disable_all_campaigns":false,"_monsterinsights_skip_tracking":false,"_monsterinsights_sitenote_active":false,"_monsterinsights_sitenote_note":"","_monsterinsights_sitenote_category":0,"footnotes":""},"class_list":["post-6","page","type-page","status-publish","hentry"],"aioseo_notices":[],"_links":{"self":[{"href":"https:\/\/g4sistemas.com.br\/index.php\/wp-json\/wp\/v2\/pages\/6","targetHints":{"allow":["GET"]}}],"collection":[{"href":"https:\/\/g4sistemas.com.br\/index.php\/wp-json\/wp\/v2\/pages"}],"about":[{"href":"https:\/\/g4sistemas.com.br\/index.php\/wp-json\/wp\/v2\/types\/page"}],"author":[{"embeddable":true,"href":"https:\/\/g4sistemas.com.br\/index.php\/wp-json\/wp\/v2\/users\/1"}],"replies":[{"embeddable":true,"href":"https:\/\/g4sistemas.com.br\/index.php\/wp-json\/wp\/v2\/comments?post=6"}],"version-history":[{"count":21,"href":"https:\/\/g4sistemas.com.br\/index.php\/wp-json\/wp\/v2\/pages\/6\/revisions"}],"predecessor-version":[{"id":1094,"href":"https:\/\/g4sistemas.com.br\/index.php\/wp-json\/wp\/v2\/pages\/6\/revisions\/1094"}],"wp:attachment":[{"href":"https:\/\/g4sistemas.com.br\/index.php\/wp-json\/wp\/v2\/media?parent=6"}],"curies":[{"name":"wp","href":"https:\/\/api.w.org\/{rel}","templated":true}]}}