{"id":436,"date":"2023-12-01T12:32:40","date_gmt":"2023-12-01T15:32:40","guid":{"rendered":"https:\/\/g4sistemas.com.br\/?page_id=436"},"modified":"2026-02-03T15:53:16","modified_gmt":"2026-02-03T18:53:16","slug":"downloads","status":"publish","type":"page","link":"https:\/\/g4sistemas.com.br\/index.php\/downloads\/","title":{"rendered":"Downloads"},"content":{"rendered":"\n<p><strong><a href=\"https:\/\/g4sistemas.com.br\/index.php\/suporte-g4-sistemas-drivers\/\" title=\"\">P\u00e1gina Suporte T\u00e9cnico<\/a><\/strong><\/p>\n\n\n\n<p><\/p>\n\n\n\n<figure class=\"wp-block-table is-style-stripes\"><table><tbody><tr><td class=\"has-text-align-right\" data-align=\"right\"><img decoding=\"async\" style=\"width: 100px;\" src=\"https:\/\/g4sistemas.com.br\/wp-content\/uploads\/2025\/01\/G4MEI_50.png\" alt=\"\"><\/td><td><\/td><td>O <strong>Sistema PDV Emissor de NFC-e e NF-e<\/strong> \u00e9 uma solu\u00e7\u00e3o integrada de ponto de venda (PDV) que permite o gerenciamento completo de vendas e a emiss\u00e3o autom\u00e1tica de documentos fiscais eletr\u00f4nicos, como <strong>Nota Fiscal do Consumidor Eletr\u00f4nica (NFC-e)<\/strong> e <strong>Nota Fiscal Eletr\u00f4nica (NF-e)<\/strong>. Ele foi desenvolvido para atender a exig\u00eancias fiscais, oferecer agilidade nas opera\u00e7\u00f5es de venda e proporcionar uma experi\u00eancia otimizada tanto para o comerciante quanto para o cliente final.<br><\/td><td><br><br><\/td><\/tr><tr><td class=\"has-text-align-right\" data-align=\"right\"><img decoding=\"async\" src=\"https:\/\/g4sistemas.com.br\/wp-content\/uploads\/2025\/01\/ticket.png\" alt=\"\" style=\"width: 100px;\"><\/td><td><\/td><td>O <strong>Programa de Impress\u00e3o de Ticket <\/strong>\u00e9 uma solu\u00e7\u00e3o pr\u00e1tica e eficiente para pequenos bares e adegas que desejam organizar o consumo de seus clientes atrav\u00e9s da venda antecipada de produtos e servi\u00e7os. O sistema permite a emiss\u00e3o r\u00e1pida de tickets f\u00edsicos que garantem ao cliente o direito de consumo, melhorando o controle financeiro e a experi\u00eancia do consumidor.<br><br><a href=\"https:\/\/g4sistemas.com.br\/Instalar_Ticket.exe\" title=\"\">baixar instala\u00e7\u00e3o do Ticket<\/a><\/td><td><\/td><\/tr><\/tbody><\/table><\/figure>\n\n\n\n<p><a style=\"display:inline-block; background-color:#007bff; color:#fff; padding:8px 16px; border-radius:20px; font-family:sans-serif; font-size:14px; text-decoration:none; transition:background-color 0.3s;\" download=\"\" href=\"https:\/\/g4sistemas.com.br\/sistemas\/Instalador_NFe_G4MEI_v1.0.exe\" title=\"Clique para baixar o instalador do sistema G4MEI para Windows\"><br>    \u2b07\ufe0f Baixar Instalador G4MEI<br>  <\/a><\/p>\n\n\n\n<p>\n  <a href=\"https:\/\/g4sistemas.com.br\/sistemas\/G4MEI.exe\" title=\"Clique para baixar a vers\u00e3o atual do Menu Retaguarda\" download=\"\" style=\"display:inline-block; background-color:#28a745; color:#fff; padding:8px 16px; border-radius:20px; font-family:sans-serif; font-size:14px; text-decoration:none; transition:background-color 0.3s;\">\n    \ud83d\udfe2 Baixar Menu Retaguarda\n  <\/a>\n<\/p>\n\n\n\n<p>\n  <a href=\"https:\/\/g4sistemas.com.br\/sistemas\/VendaManual.exe\" title=\"Clique para baixar a vers\u00e3o atual do PDV\" download=\"\" style=\"display:inline-block; background-color:#17a2b8; color:#fff; padding:8px 16px; border-radius:20px; font-family:sans-serif; font-size:14px; text-decoration:none; transition:background-color 0.3s;\">\n    \ud83e\uddfe Baixar PDV\n  <\/a>\n<\/p>\n\n\n\n<p>\n  <a href=\"https:\/\/g4sistemas.com.br\/sistemas\/PedidoVenda.exe\" title=\"Clique para baixar o Pedido de Vendas\" download=\"\" style=\"display:inline-block; background-color:#6f42c1; color:#fff; padding:8px 16px; border-radius:20px; font-family:sans-serif; font-size:14px; text-decoration:none; transition:background-color 0.3s;\">\n    \ud83d\udcdd Pedido de Vendas\n  <\/a>\n<\/p>\n\n\n\n<p>\n  <a href=\"https:\/\/g4sistemas.com.br\/sistemas\/PreparaAmbiente.bat\" title=\"Clique para baixar Prepara Ambiente\" download=\"PreparaAmbiente.bat\" rel=\"noopener noreferrer\" aria-label=\"Clique para baixar o preparar ambiente\" style=\"display:inline-block; background-color:#28a745; color:#fff; padding:8px 16px; border-radius:20px; font-family:sans-serif; font-size:14px; text-decoration:none; transition:background-color 0.3s;\" onmouseover=\"this.style.backgroundColor='#218838'\" onmouseout=\"this.style.backgroundColor='#28a745'\">\n    \u2699\ufe0f Baixar Prepara Ambiente\n  <\/a>\n<\/p>\n\n\n\n<p>\n  <a href=\"https:\/\/g4sistemas.com.br\/sistemas\/Atualizacao.exe\" title=\"Atualizador do sistema G4\" download=\"\" style=\"display:inline-block; background-color:#28a745; color:#fff; padding:8px 16px; border-radius:20px; font-family:sans-serif; font-size:14px; text-decoration:none; transition:background-color 0.3s;\">\n    \u2b06\ufe0f Atualizador do sistema G4\n  <\/a>\n<\/p>\n\n\n\n<p>\n  <a href=\"https:\/\/g4sistemas.com.br\/sistemas\/Baixar%20NFe.rar\" title=\"Baixar NFe\" download=\"\" style=\"display:inline-block; background-color:#007bff; color:#fff; padding:8px 16px; border-radius:20px; font-family:sans-serif; font-size:14px; text-decoration:none; transition:background-color 0.3s;\">\n    \ud83d\udce5 Baixar NFe\n  <\/a>\n<\/p>\n\n\n\n<p>\n  <a href=\"https:\/\/g4sistemas.com.br\/sistemas\/Corre%C3%A7%C3%A3o%20erro%200x00000709%20e%200x0000011b%20no%20Windows%2010%20e%20Windows%2011.rar\" title=\"Corre\u00e7\u00e3o registro impressora compartilhada\" download=\"\" style=\"display:inline-block; background-color:#28a745; color:#fff; padding:8px 16px; border-radius:20px; font-family:sans-serif; font-size:14px; text-decoration:none; transition:background-color 0.3s;\">\n    \ud83d\udee0\ufe0f Corre\u00e7\u00e3o registro impressora compartilhada\n  <\/a>\n<\/p>\n\n\n\n<p>\n  <a href=\"https:\/\/g4sistemas.com.br\/sistemas\/ReciboPagamento.lrf\" title=\"Recibo de pagamento\" download=\"\" style=\"display:inline-block; background-color:#28a745; color:#fff; padding:8px 16px; border-radius:20px; font-family:sans-serif; font-size:14px; text-decoration:none; transition:background-color 0.3s;\">\n    \ud83d\udcc4 Recibo de pagamento\n  <\/a>\n<\/p>\n\n\n\n<p>\n  <a href=\"https:\/\/g4sistemas.com.br\/sistemas\/ReciboVenda.lrf\" title=\"Recibo de Venda\" download=\"\" style=\"display:inline-block; background-color:#17a2b8; color:#fff; padding:8px 16px; border-radius:20px; font-family:sans-serif; font-size:14px; text-decoration:none; transition:background-color 0.3s;\">\n    \ud83e\uddfe Recibo de Venda\n  <\/a>\n<\/p>\n\n\n\n<p>\n  <a href=\"https:\/\/g4sistemas.com.br\/sistemas\/DAV.lrf\" title=\"Recibo DAV\" download=\"\" style=\"display:inline-block; background-color:#28a745; color:#fff; padding:8px 16px; border-radius:20px; font-family:sans-serif; font-size:14px; text-decoration:none; transition:background-color 0.3s;\">\n    \ud83e\uddfe Recibo DAV\n  <\/a>\n<\/p>\n\n\n\n<p>\n  <a href=\"https:\/\/g4sistemas.com.br\/sistemas\/Relatorio_NFCe.lrf\" title=\"Relat\u00f3rio de NFC-e (Contador)\" download=\"\" style=\"display:inline-block; background-color:#007bff; color:#fff; padding:8px 16px; border-radius:20px; font-family:sans-serif; font-size:14px; text-decoration:none; transition:background-color 0.3s;\">\n    \ud83d\udcca Relat\u00f3rio de NFC-e (Contador)\n  <\/a>\n<\/p>\n\n\n\n<p>\n  <a href=\"https:\/\/g4sistemas.com.br\/sistemas\/Relatorio_NFe.lrf\" title=\"Relat\u00f3rio NF-e (Contador)\" download=\"\" style=\"display:inline-block; background-color:#007bff; color:#fff; padding:8px 16px; border-radius:20px; font-family:sans-serif; font-size:14px; text-decoration:none; transition:background-color 0.3s;\">\n    \ud83d\udcc4 Relat\u00f3rio NF-e (Contador)\n  <\/a>\n<\/p>\n\n\n\n<p>\n  <a href=\"https:\/\/g4sistemas.com.br\/sistemas\/Dados.exe\" title=\"Receitu\u00e1rio Agron\u00f4mico\" download=\"\" style=\"display:inline-block; background-color:#007bff; color:#fff; padding:8px 16px; border-radius:20px; font-family:sans-serif; font-size:14px; text-decoration:none; transition:background-color 0.3s;\">\n    \ud83d\udcc4 Receitu\u00e1rio Agron\u00f4mico\n  <\/a>\n<\/p>\n\n\n\n<p><a href=\"https:\/\/g4sistemas.com.br\/sistemas\/application-050317c4-32d2-4495-848e-c67fd902bf81.apk\" title=\"\">NotaViva<\/a><\/p>\n\n\n\n<p><a href=\"https:\/\/g4sistemas.com.br\/sistemas\/Planilha%20Padrao%20Estoque.xlsx\" title=\"\">Planilha padr\u00e3o Cadastro de produtos<\/a><\/p>\n\n\n\n<p><a href=\"https:\/\/g4sistemas.com.br\/sistemas\/Instalador_TerraECia_v1.0.exe\" title=\"\">Terra &amp; Cia<\/a><\/p>\n","protected":false},"excerpt":{"rendered":"<p>P\u00e1gina Suporte T\u00e9cnico O Sistema PDV Emissor de NFC-e e NF-e \u00e9 uma solu\u00e7\u00e3o integrada de ponto de venda (PDV) que permite o gerenciamento completo de vendas e a emiss\u00e3o autom\u00e1tica de documentos fiscais eletr\u00f4nicos, como Nota Fiscal do Consumidor Eletr\u00f4nica (NFC-e) e Nota Fiscal Eletr\u00f4nica (NF-e). Ele foi desenvolvido para atender a exig\u00eancias fiscais, [&hellip;]<\/p>\n","protected":false},"author":1,"featured_media":0,"parent":0,"menu_order":0,"comment_status":"closed","ping_status":"closed","template":"","meta":{"om_disable_all_campaigns":false,"_monsterinsights_skip_tracking":false,"_monsterinsights_sitenote_active":false,"_monsterinsights_sitenote_note":"","_monsterinsights_sitenote_category":0,"footnotes":""},"class_list":["post-436","page","type-page","status-publish","hentry"],"aioseo_notices":[],"_links":{"self":[{"href":"https:\/\/g4sistemas.com.br\/index.php\/wp-json\/wp\/v2\/pages\/436","targetHints":{"allow":["GET"]}}],"collection":[{"href":"https:\/\/g4sistemas.com.br\/index.php\/wp-json\/wp\/v2\/pages"}],"about":[{"href":"https:\/\/g4sistemas.com.br\/index.php\/wp-json\/wp\/v2\/types\/page"}],"author":[{"embeddable":true,"href":"https:\/\/g4sistemas.com.br\/index.php\/wp-json\/wp\/v2\/users\/1"}],"replies":[{"embeddable":true,"href":"https:\/\/g4sistemas.com.br\/index.php\/wp-json\/wp\/v2\/comments?post=436"}],"version-history":[{"count":59,"href":"https:\/\/g4sistemas.com.br\/index.php\/wp-json\/wp\/v2\/pages\/436\/revisions"}],"predecessor-version":[{"id":1096,"href":"https:\/\/g4sistemas.com.br\/index.php\/wp-json\/wp\/v2\/pages\/436\/revisions\/1096"}],"wp:attachment":[{"href":"https:\/\/g4sistemas.com.br\/index.php\/wp-json\/wp\/v2\/media?parent=436"}],"curies":[{"name":"wp","href":"https:\/\/api.w.org\/{rel}","templated":true}]}}