{"id":205,"date":"2023-10-05T13:10:01","date_gmt":"2023-10-05T16:10:01","guid":{"rendered":"https:\/\/g4sistemas.com.br\/?page_id=205"},"modified":"2024-03-15T16:10:48","modified_gmt":"2024-03-15T19:10:48","slug":"nfe-emissor-de-nota-fiscal-eletronica","status":"publish","type":"page","link":"https:\/\/g4sistemas.com.br\/index.php\/nfe-emissor-de-nota-fiscal-eletronica\/","title":{"rendered":"NF-e &#8211; Emissor de Nota Fiscal Eletr\u00f4nica"},"content":{"rendered":"\n<p>NF-e<\/p>\n\n\n\n<p>O programa emissor de Nota Fiscal Eletr\u00f4nica (NF-e) \u00e9 uma solu\u00e7\u00e3o desenvolvida para atender aos requisitos da legisla\u00e7\u00e3o brasileira em rela\u00e7\u00e3o \u00e0 emiss\u00e3o de notas fiscais eletr\u00f4nicas. Suas principais funcionalidades incluem:<\/p>\n\n\n\n<ol class=\"wp-block-list\">\n<li><strong>Emiss\u00e3o de NF-e:<\/strong> O software permite a gera\u00e7\u00e3o e o envio eletr\u00f4nico de notas fiscais eletr\u00f4nicas para a Receita Federal, cumprindo as obriga\u00e7\u00f5es fiscais e legais.<\/li>\n\n\n\n<li><strong>Impress\u00e3o da DANFE:<\/strong> A NF-e \u00e9 acompanhada pela impress\u00e3o da DANFE (Documento Auxiliar da Nota Fiscal Eletr\u00f4nica), que \u00e9 um documento f\u00edsico com informa\u00e7\u00f5es resumidas da nota fiscal. Esse documento pode ser utilizado para o transporte das mercadorias e para fins de controle fiscal.<\/li>\n\n\n\n<li><strong>Conformidade com a Legisla\u00e7\u00e3o:<\/strong> O programa est\u00e1 atualizado com as regulamenta\u00e7\u00f5es e padr\u00f5es estabelecidos pela Receita Federal e demais \u00f3rg\u00e3os fiscais, garantindo que as notas fiscais emitidas estejam em conformidade com a legisla\u00e7\u00e3o vigente.<\/li>\n\n\n\n<li><strong>Armazenamento Seguro:<\/strong> O software geralmente oferece recursos para o armazenamento seguro das NF-es emitidas, atendendo aos requisitos de guarda de documentos fiscais eletr\u00f4nicos.<\/li>\n\n\n\n<li><strong>Facilidade de Uso:<\/strong> A interface do programa \u00e9 projetada para ser intuitiva e de f\u00e1cil utiliza\u00e7\u00e3o, permitindo que empresas de diferentes tamanhos e setores emitam NF-es de forma eficiente.<\/li>\n\n\n\n<li><strong>Personaliza\u00e7\u00e3o:<\/strong> Algumas solu\u00e7\u00f5es podem permitir a personaliza\u00e7\u00e3o da DANFE com informa\u00e7\u00f5es espec\u00edficas da empresa, como logotipo e dados de contato.<\/li>\n<\/ol>\n\n\n\n<p>Em resumo, o programa emissor de Nota Fiscal Eletr\u00f4nica \u00e9 uma ferramenta fundamental para empresas no Brasil, pois simplifica o processo de emiss\u00e3o de NF-es, garante a conformidade com a legisla\u00e7\u00e3o tribut\u00e1ria e facilita o cumprimento das obriga\u00e7\u00f5es fiscais. Al\u00e9m disso, a impress\u00e3o da DANFE auxilia no transporte de mercadorias e na presta\u00e7\u00e3o de contas aos \u00f3rg\u00e3os fiscais.<\/p>\n\n\n<div class=\"wp-block-image\">\n<figure class=\"aligncenter size-full is-resized\"><img loading=\"lazy\" decoding=\"async\" width=\"546\" height=\"263\" src=\"https:\/\/g4sistemas.com.br\/wp-content\/uploads\/2023\/10\/image-35.png\" alt=\"\" class=\"wp-image-217\" style=\"width:546px;height:263px\" srcset=\"https:\/\/g4sistemas.com.br\/wp-content\/uploads\/2023\/10\/image-35.png 546w, https:\/\/g4sistemas.com.br\/wp-content\/uploads\/2023\/10\/image-35-300x145.png 300w\" sizes=\"auto, (max-width: 546px) 100vw, 546px\" \/><\/figure>\n<\/div>\n\n\n<p><\/p>\n\n\n<div class=\"wp-block-image\">\n<figure class=\"aligncenter size-full\"><img loading=\"lazy\" decoding=\"async\" width=\"840\" height=\"721\" src=\"https:\/\/g4sistemas.com.br\/wp-content\/uploads\/2023\/10\/image-36.png\" alt=\"\" class=\"wp-image-218\" srcset=\"https:\/\/g4sistemas.com.br\/wp-content\/uploads\/2023\/10\/image-36.png 840w, https:\/\/g4sistemas.com.br\/wp-content\/uploads\/2023\/10\/image-36-300x258.png 300w, https:\/\/g4sistemas.com.br\/wp-content\/uploads\/2023\/10\/image-36-768x659.png 768w\" sizes=\"auto, (max-width: 840px) 100vw, 840px\" \/><\/figure>\n<\/div>\n\n\n<p><\/p>\n\n\n<div class=\"wp-block-image\">\n<figure class=\"aligncenter size-full\"><img loading=\"lazy\" decoding=\"async\" width=\"626\" height=\"655\" src=\"https:\/\/g4sistemas.com.br\/wp-content\/uploads\/2023\/10\/image-37.png\" alt=\"\" class=\"wp-image-220\" srcset=\"https:\/\/g4sistemas.com.br\/wp-content\/uploads\/2023\/10\/image-37.png 626w, https:\/\/g4sistemas.com.br\/wp-content\/uploads\/2023\/10\/image-37-287x300.png 287w\" sizes=\"auto, (max-width: 626px) 100vw, 626px\" \/><\/figure>\n<\/div>\n\n\n<p><\/p>\n\n\n<div class=\"wp-block-image\">\n<figure class=\"aligncenter size-full\"><img loading=\"lazy\" decoding=\"async\" width=\"945\" height=\"682\" src=\"https:\/\/g4sistemas.com.br\/wp-content\/uploads\/2023\/10\/image-38.png\" alt=\"\" class=\"wp-image-221\" srcset=\"https:\/\/g4sistemas.com.br\/wp-content\/uploads\/2023\/10\/image-38.png 945w, https:\/\/g4sistemas.com.br\/wp-content\/uploads\/2023\/10\/image-38-300x217.png 300w, https:\/\/g4sistemas.com.br\/wp-content\/uploads\/2023\/10\/image-38-768x554.png 768w\" sizes=\"auto, (max-width: 945px) 100vw, 945px\" \/><\/figure>\n<\/div>\n\n\n<p><\/p>\n\n\n<div class=\"wp-block-image\">\n<figure class=\"aligncenter size-full is-resized\"><img loading=\"lazy\" decoding=\"async\" width=\"777\" height=\"706\" src=\"https:\/\/g4sistemas.com.br\/wp-content\/uploads\/2023\/10\/image-39.png\" alt=\"\" class=\"wp-image-222\" style=\"width:777px;height:706px\" srcset=\"https:\/\/g4sistemas.com.br\/wp-content\/uploads\/2023\/10\/image-39.png 777w, https:\/\/g4sistemas.com.br\/wp-content\/uploads\/2023\/10\/image-39-300x273.png 300w, https:\/\/g4sistemas.com.br\/wp-content\/uploads\/2023\/10\/image-39-768x698.png 768w\" sizes=\"auto, (max-width: 777px) 100vw, 777px\" \/><\/figure>\n<\/div>\n\n\n<p><\/p>\n\n\n<div class=\"wp-block-image\">\n<figure class=\"aligncenter size-full\"><img loading=\"lazy\" decoding=\"async\" width=\"544\" height=\"259\" src=\"https:\/\/g4sistemas.com.br\/wp-content\/uploads\/2023\/10\/image-40.png\" alt=\"\" class=\"wp-image-223\" srcset=\"https:\/\/g4sistemas.com.br\/wp-content\/uploads\/2023\/10\/image-40.png 544w, https:\/\/g4sistemas.com.br\/wp-content\/uploads\/2023\/10\/image-40-300x143.png 300w\" sizes=\"auto, (max-width: 544px) 100vw, 544px\" \/><\/figure>\n<\/div>\n\n\n<p><\/p>\n\n\n<div class=\"wp-block-image\">\n<figure class=\"aligncenter size-full\"><img loading=\"lazy\" decoding=\"async\" width=\"795\" height=\"878\" src=\"https:\/\/g4sistemas.com.br\/wp-content\/uploads\/2023\/11\/Imagem_NFE.png\" alt=\"\" class=\"wp-image-415\" srcset=\"https:\/\/g4sistemas.com.br\/wp-content\/uploads\/2023\/11\/Imagem_NFE.png 795w, https:\/\/g4sistemas.com.br\/wp-content\/uploads\/2023\/11\/Imagem_NFE-272x300.png 272w, https:\/\/g4sistemas.com.br\/wp-content\/uploads\/2023\/11\/Imagem_NFE-768x848.png 768w\" sizes=\"auto, (max-width: 795px) 100vw, 795px\" \/><\/figure>\n<\/div>\n\n\n<p><strong>Downloads (<\/strong>Efetuar o download e salvar na pasta <strong>C:\\NFe<\/strong> <strong>)<\/strong><\/p>\n\n\n\n<p><a href=\"https:\/\/g4sistemas.com.br\/sistemas\/Versoes_NFe\/G4MEI.exe\" title=\"\">M\u00f3dulo de Retaguarda (cadastros e NF-e) &#8211; v 15\/03\/2024<\/a><\/p>\n\n\n\n<p><a href=\"https:\/\/g4sistemas.com.br\/sistemas\/Versoes_NFe\/VendaManual.exe\" title=\"\">PDV &#8211; v 15\/03\/2024<\/a><\/p>\n\n\n\n<p><a href=\"https:\/\/g4sistemas.com.br\/sistemas\/Versoes_NFe\/ReciboVenda.lrf\" title=\"\">Recibo de venda v 06\/01\/2024<\/a><\/p>\n\n\n\n<p><a href=\"https:\/\/g4sistemas.com.br\/sistemas\/Versoes_NFe\/ReciboPagamento.lrf\" title=\"\">Recibo de Pagamento v 06\/01\/2024<\/a><\/p>\n\n\n\n<p><a href=\"https:\/\/g4sistemas.com.br\/sistemas\/Versoes_NFe\/Configuracoes.sql\" title=\"\">Configura\u00e7\u00f5es<\/a><\/p>\n","protected":false},"excerpt":{"rendered":"<p>NF-e O programa emissor de Nota Fiscal Eletr\u00f4nica (NF-e) \u00e9 uma solu\u00e7\u00e3o desenvolvida para atender aos requisitos da legisla\u00e7\u00e3o brasileira em rela\u00e7\u00e3o \u00e0 emiss\u00e3o de notas fiscais eletr\u00f4nicas. Suas principais funcionalidades incluem: Em resumo, o programa emissor de Nota Fiscal Eletr\u00f4nica \u00e9 uma ferramenta fundamental para empresas no Brasil, pois simplifica o processo de emiss\u00e3o [&hellip;]<\/p>\n","protected":false},"author":1,"featured_media":0,"parent":0,"menu_order":0,"comment_status":"closed","ping_status":"closed","template":"","meta":{"om_disable_all_campaigns":false,"_monsterinsights_skip_tracking":false,"_monsterinsights_sitenote_active":false,"_monsterinsights_sitenote_note":"","_monsterinsights_sitenote_category":0,"footnotes":""},"class_list":["post-205","page","type-page","status-publish","hentry"],"aioseo_notices":[],"_links":{"self":[{"href":"https:\/\/g4sistemas.com.br\/index.php\/wp-json\/wp\/v2\/pages\/205","targetHints":{"allow":["GET"]}}],"collection":[{"href":"https:\/\/g4sistemas.com.br\/index.php\/wp-json\/wp\/v2\/pages"}],"about":[{"href":"https:\/\/g4sistemas.com.br\/index.php\/wp-json\/wp\/v2\/types\/page"}],"author":[{"embeddable":true,"href":"https:\/\/g4sistemas.com.br\/index.php\/wp-json\/wp\/v2\/users\/1"}],"replies":[{"embeddable":true,"href":"https:\/\/g4sistemas.com.br\/index.php\/wp-json\/wp\/v2\/comments?post=205"}],"version-history":[{"count":22,"href":"https:\/\/g4sistemas.com.br\/index.php\/wp-json\/wp\/v2\/pages\/205\/revisions"}],"predecessor-version":[{"id":610,"href":"https:\/\/g4sistemas.com.br\/index.php\/wp-json\/wp\/v2\/pages\/205\/revisions\/610"}],"wp:attachment":[{"href":"https:\/\/g4sistemas.com.br\/index.php\/wp-json\/wp\/v2\/media?parent=205"}],"curies":[{"name":"wp","href":"https:\/\/api.w.org\/{rel}","templated":true}]}}